 - 19*c + 4 - 37*c**2 + 15*c**3 + 4. Let k(a) = a**3 - 4*a + 1. Calculate the remainder when o(-18) is divided by k(3).
10
Let g = -46 - -58. Suppose 2*b - 44 - 40 = -4*y, 2*y + 4*b - 48 = 0. Calculate the remainder when y is divided by g.
8
Let m be ((-5187)/364)/(0 + 3/(-16)). Suppose -m + 16 = -2*h. What is the remainder when 82 is divided by h?
22
Let c(i) = -i - 9. Let k be c(-4). Let h be 1/(k*2/(-180)). Suppose -f + h = -2. What is the remainder when f is divided by 11?
9
Let d(t) = -2143*t**3 + 33*t + 32. What is the remainder when d(-1) is divided by 65?
62
What is the remainder when 401 is divided by ((-1134)/(-216))/(141/(-48) - -3)?
65
Suppose 0 = -b - 5*n + 537, n = 4*b - 2*b - 1074. Let g = b + -388. What is the remainder when g is divided by 14?
9
Let t(z) = -z**3 + 31*z**2 - 18*z + 22. What is the remainder when 776 is divided by t(30)?
12
Suppose 50 = -a + 5*p, 3*p - 174 = 3*a - 0*a. Let n = -57 - a. Suppose 274 = 3*f - 4*d, -n*f - 2*d - 94 = -4*f. What is the remainder when f is divided by 29?
28
Let j = 27 - 14. Let p = j + -1. Let w(z) = -2*z**2 - 53*z + 646. What is the remainder when p is divided by w(9)?
5
Suppose 327*x - 1600 = 295*x. Calculate the remainder when 55 is divided by x.
5
Let z(a) = 2*a**3 + 27*a**2 - 46*a + 22. Let u be z(-15). Suppose 5*r + 3*s - 290 = u, -5*r - 2*s + 323 = 0. Calculate the remainder when 816 is divided by r.
60
Let x(z) = -30*z + 163 - 96 - z**3 + 5*z - 28*z**2. Let l(m) = -12*m + 1. What is the remainder when l(-2) is divided by x(-27)?
12
Let u = -51294 - -51330. Let p(v) = 21*v**2 - v + 1. What is the remainder when u is divided by p(1)?
15
Suppose 2*i - 70 = -2*a, 27*a - 32*a = 3*i - 107. Suppose 0 = -5*k - 3*s + 11, -3*s + 8 = -k - 7*s. Calculate the remainder when i is divided by k.
2
Suppose 34*b = 7*b - 83 + 353. What is the remainder when 1246 is divided by b?
6
Calculate the remainder when (-623007)/(-225) + 539/175 + -3 is divided by 7.
4
Let h(t) = -5*t**2 + 20*t + 1. Let a(c) = 4*c. Let j(z) = 6*a(z) - h(z). What is the remainder when j(3) is divided by 19?
18
Suppose -18*q + 6*q = -564. Calculate the remainder when 1/(q/(-24) + -5 + 7) is divided by 4.
0
What is the remainder when 130 is divided by 2/8 - 609/(-12) - (-714)/357?
24
Suppose 0 = -502*y + 421*y + 2835. Calculate the remainder when 691 is divided by y.
26
Suppose -2*u = u - 120. Let m be 4/6 + 160/30. Suppose -m*d - 7*d + 988 = 0. Calculate the remainder when d is divided by u.
36
Let p be 9/(18/20) + -2. Let j(v) = v**2 + v - 9. Let a be j(p). Let k = a + -31. Calculate the remainder when k is divided by 18.
14
Let v = -3090 + 3203. Calculate the remainder when 160 is divided by v.
47
Let w = -954 + 1084. What is the remainder when 489 is divided by w?
99
Let v(b) = -15 - 480*b**2 + 7*b + 3*b + 478*b**2 - 3*b. Let d be v(7). Calculate the remainder when 60 is divided by d/(2 - 4 - 0).
28
Let y = -58 + 60. Suppose -4*i - y*l = 2*l - 20, 8 = -4*l. Calculate the remainder when i is divided by 4.
3
Suppose -66*r - 95*r + 124500 = -36*r. Calculate the remainder when r is divided by 298.
102
Suppose 9*p - 6*p = 24. Suppose o - 20 = -5*f + 4*o, -2*f = -2*o - p. Let l(a) = -6*a + 399. What is the remainder when l(61) is divided by f?
1
Let c = -111 - -438. Let l = c + -317. What is the remainder when l is divided by 9?
1
Let u = 8570 + -8484. What is the remainder when 266 is divided by u?
8
Let c(q) be the first derivative of -q**4/4 - 4*q**3 + 7*q**2 + 37*q - 28. Calculate the remainder when 107 is divided by c(-13).
11
Suppose 734 = -12*a + 6110. Let f = a + -387. What is the remainder when f is divided by 23?
15
Let k = -27 - -57. Let q = 50 - -186. Suppose 0*i + q = 2*i. Calculate the remainder when i is divided by k.
28
Suppose -b + 1217 = 6*z, 51*b + 4788 = 55*b + 4*z. Calculate the remainder when b is divided by 319.
236
Let j = -6485 - -16042. What is the remainder when j is divided by 27?
26
Suppose l - 240 = 4*q, -12*l + 8*l - 4*q + 920 = 0. Calculate the remainder when l is divided by 143.
89
Suppose 0 = -4*d + 6*u + 52, -13 - 14 = -d + 5*u. Calculate the remainder when 335 is divided by d.
6
Suppose -2*a + 35 = -5*p, -3*a + 20 = -5*p - 25. Suppose 0 = -4*z - a + 18. Calculate the remainder when 11 is divided by z.
1
Let p(y) = 7 + 7*y + 31*y**2 + 19*y**2 + 17*y**2 - 53*y**2. Suppose 0 = -5*v + 2*v + 78. Calculate the remainder when v is divided by p(-1).
12
Suppose -2*b - 3*b = 4*r - 7, -b = 4*r - 11. Let o(z) = -z**3 + z**2 - 2*z. What is the remainder when r/(-6) - 475/(-10) is divided by o(-2)?
15
Suppose -2*h + v + 48 = 14, 4*h + 3*v = 48. Let m = 174 - 117. What is the remainder when m is divided by h?
12
Suppose 11 + 15 = 13*c. Suppose -k - 3*o + 15 = 0, -c*k - 2*k + o = -47. Let g = 18 - k. What is the remainder when 46 is divided by g?
4
Suppose -5*j + 174 = 4*q, -5*j - 21*q = -24*q - 202. What is the remainder when 170 is divided by j?
18
Suppose -56*n + 43*n + 3185 = 0. Let h = 411 - n. What is the remainder when h is divided by 43?
37
Let l = -8 - -13. What is the remainder when ((-54)/(-4) - l)*2 is divided by ((-5)/3)/(4/(-12))?
2
What is the remainder when ((-37)/(2590/(-2184)))/((-8)/(-20)) is divided by 21?
15
Suppose 11*f + 65 = 681. Suppose -3*o = 3, -3*s - 5 = -6*s - 4*o. Suppose 0 = p - s*p + 30. What is the remainder when f is divided by p?
11
Suppose 68*r = -9179 + 10403. What is the remainder when 8653 is divided by r?
13
Let y(t) = -t**3 + 9*t**2 + 16*t - 61. Let o be y(10). Let x(w) = -14*w + 6. What is the remainder when 99 is divided by x(o)?
19
Let g = 668 - 425. Calculate the remainder when g + -70 + 0 + 5 is divided by 87.
4
Suppose -103790 = -466*w - 69*w. What is the remainder when w is divided by 0 + (-2)/(4/(-194))?
0
Suppose -9*s + 6*s = -2*j - 99, 0 = -4*s - j + 143. Let m(o) = o**3 + 9*o**2 - 11*o - 47. Calculate the remainder when m(-9) is divided by s.
17
Suppose 5*v - 2*g = 566, -9*v - g + 6*g = -1016. What is the remainder when 278 is divided by v?
50
Let i = -5429 - -5450. Calculate the remainder when 168 is divided by i.
0
Let t = 8 + 5. Let w(q) = -288*q + 3501. Let l(a) = -23*a + 280. Let i(h) = 63*l(h) - 5*w(h). What is the remainder when i(11) is divided by t?
10
Suppose 7*o - 3*d - 1492 = 3*o, -d - 4 = 0. Suppose 32 = r - 3*a - 53, -5*r + o = -4*a. What is the remainder when 418 is divided by r?
68
Suppose 2*j - 5*y - 5460 + 952 = 0, 5*j - 4*y = 11338. Calculate the remainder when 2283 is divided by j.
9
Suppose 0 = 188*c - 199*c + 2288. Let k = 284 - c. What is the remainder when k is divided by 32?
12
Let h = 10072 + -10008. Let z = 114 + -81. Calculate the remainder when h is divided by z.
31
Suppose -245 = -22*f + 63 + 220. What is the remainder when 57 is divided by f?
9
Suppose -34*i = -36*i, -5*d + 2*i = -1395. What is the remainder when d is divided by 14?
13
Suppose 42*c = 18*c + 6*c + 2304. Calculate the remainder when 1279 is divided by c.
127
Let i be 5 + 51*(-2)/6. Let q = 56 + i. Calculate the remainder when q is divided by 16.
12
What is the remainder when 1479 is divided by (24/15)/((-60)/(-300))?
7
Let b = 1737 - 1663. Calculate the remainder when b is divided by 36.
2
Let c(t) = 42*t - 1181. Calculate the remainder when c(48) is divided by 121.
109
Let y(p) = p**2 + 15*p + 48. Let d = -375 + 364. What is the remainder when 167 is divided by y(d)?
3
Let b = 533 - 397. Suppose -140*h = -157*h + b. What is the remainder when 21 is divided by h?
5
Let q = -1861 + 1873. What is the remainder when 12 is divided by q?
0
Let v = 15240 + -15090. Calculate the remainder when 3149 is divided by v.
149
Let n(a) = 7*a**3 - 3*a**2 - 3*a - 4. Let k be n(3). Let i = -17335 - -17367. Let o = k - i. What is the remainder when o is divided by 17?
15
Let d be (-3 + -1)/((-56)/(-4))*-7. Suppose -d*a + 200 = 6*k - 8, -4*k = 2*a - 138. What is the remainder when 416 is divided by k?
31
Let m(l) = 61*l - 1054. What is the remainder when m(26) is divided by 89?
87
Suppose 5*c - 2*l - 45 = 0, 4*l = -13*c + 8*c + 15. Suppose -c*b + 423 + 144 = 0. Calculate the remainder when b is divided by 28.
25
Let g = -64 - -115. Let o = 436 + -426. Calculate the remainder when g is divided by o.
1
Suppose 8*r - 1420 = -4*h, -r - 812 - 309 = -3*h. Calculate the remainder when